ulate the remainder when o(-2) is divided by 10.
4
Let r = 78 + -63. Let u = 117 + -62. What is the remainder when u is divided by r?
10
Let q = 54 - 75. Let r = q + 26. What is the remainder when 9 is divided by r?
4
Let v be 3 + 0 - 1 - 0. Let n be 2 + v + 0 + -2. Calculate the remainder when 51 - (1 - n - -1) is divided by 26.
25
Suppose -25*f + 68 = -21*f. Suppose 2*q = -45 + 177. What is the remainder when q is divided by f?
15
Suppose 4*p = v - 25, v + v - 4*p - 34 = 0. What is the remainder when (-9 + 8)/(2/(-2*34)) is divided by v?
7
Let n(f) = f**3 - 2*f**2 - 2*f - 3. Let q be n(3). Suppose -x + 12 = -q. Calculate the remainder when 18 is divided by 15/4*32/x.
8
Let l(g) = 11*g - 2. Let w(a) = -21*a + 5. Let b(k) = -7*l(k) - 3*w(k). Let d = -8 + 7. What is the remainder when b(d) is divided by 5?
3
Let b be 74 - 0/((-4)/1). Suppose -5*j + b = -91. What is the remainder when j is divided by 12?
9
Let w be 16/6*81/48*4. Suppose 3*u + w = 36. What is the remainder when 39 is divided by u?
3
Calculate the remainder when 43 is divided by 50/(-13)*-1 - 48/(-312).
3
What is the remainder when 6/(-27) + (-5526)/(-81) is divided by 45?
23
What is the remainder when 2 + (9401/34 - (-6)/(-4)) is divided by 28?
25
Suppose 2*x - t - 114 = 0, -2*x + 93*t + 108 = 91*t. Let v(b) = -16*b**3 + b**2. Calculate the remainder when x is divided by v(-1).
9
Let b be (-146)/9 - (-14)/63. Let s = 32 + b. What is the remainder when 46 is divided by s?
14
Suppose 112*z = 87*z + 2400. Calculate the remainder when 457 is divided by z.
73
What is the remainder when (3/9)/(7/7098) is divided by 68?
66
Let q be (2/4)/(2/16). Let s = 5 + q. Calculate the remainder when s is divided by 6 + ((-5)/(-3))/(130/(-156)).
1
Let m(p) = -p**3 + 11*p**2 - 19*p + 16. What is the remainder when 65 is divided by m(8)?
9
Suppose 4*f = -2*m + 5 + 1, -4*f + m - 3 = 0. Suppose f = -3*s + 34 + 260. Calculate the remainder when s is divided by 25.
23
Suppose 9 = 7*t - 26. Suppose 2*z - t*d - 72 - 1 = 0, 5*z - 3*d = 135. What is the remainder when z is divided by 14?
10
Suppose -f - 5*z = 23, -4*f + f + 4*z = -26. Suppose -2*m + 1 = -f*x + 9, 5*m = -x + 10. Calculate the remainder when 13 is divided by x.
3
Suppose -11*h - 572 - 176 = 0. Let u = 79 + h. What is the remainder when 41 is divided by u?
8
Suppose -18 = -5*l + 7. Suppose l = 2*m - 9. What is the remainder when 27 is divided by m?
6
Let b be -4*(-3 + 5 + -3). Let n(t) = 3*t**2 + 4*t + 5. What is the remainder when n(b) is divided by 35?
34
Suppose -8*y + 37 = -451. Calculate the remainder when 424 is divided by y.
58
Suppose -3*n + 2 = -2*h, 2*n - 6 = 4*h - 2. Suppose n = -0*u + 5*u - 15. Suppose u*y - 5 = 31. What is the remainder when 22 is divided by y?
10
Calculate the remainder when 41 is divided by 10/15*-3 + 24.
19
Suppose 5*x + 2*u - 5*u - 72 = 0, u - 1 = 0. Let c = 200 - 113. What is the remainder when c is divided by x?
12
Suppose x + 25 = 9. Let g = x + 29. Calculate the remainder when 36 is divided by g.
10
Suppose -625 = 12*l - 17*l. Suppose 2*g + 0*g - 64 = 0. What is the remainder when l is divided by g?
29
Let c be 40/(-10) - 6/(-2) - 7. Let u(x) = x**2 + 9*x + 11. What is the remainder when 13 is divided by u(c)?
1
What is the remainder when -12*(82/(-6) - -3) is divided by 34?
26
Let n = 0 - -3. Suppose -159*g = -155*g - 8. Suppose -39 = -4*r + g*j + 37, 5*j = -r - n. Calculate the remainder when r is divided by 9.
8
Let j(k) = 3*k + 1. Let p be j(1). Suppose 3*z + 1 = -2*u + 60, u + p*z - 32 = 0. Suppose 288 = 4*s - u. What is the remainder when s is divided by 20?
19
Let i(d) = 9*d. Let b(f) = 3*f. Let y(s) = -11*b(s) + 4*i(s). Calculate the remainder when 20 is divided by y(1).
2
Suppose 5*d + 4*a = 4*d + 52, -5*a = d - 57. What is the remainder when 287 is divided by d?
31
Suppose 4*m + 5*t = -0*t + 119, 3*m + t = 81. Calculate the remainder when 413 is divided by m.
23
Suppose 8*k - 2206 = -10*t + 12*k, 0 = 2*t - k - 442. What is the remainder when t is divided by 3?
0
Let h be (-1)/(((-20)/(-112))/(-5)). Let u = h - -26. Suppose 3*p = -p + 2*y + u, 2*y - 34 = -4*p. What is the remainder when 19 is divided by p?
8
Let v be (-2 - -7) + 16/4 + -6. Suppose -11*u = -v*u - 104. What is the remainder when u is divided by 10?
3
Let k(r) = -5*r + 796. What is the remainder when k(73) is divided by 20?
11
Suppose -3 = -3*r, -5*f - 5*r - 32 = -6*f. Let w = 49 - f. Suppose 0*g - t = 2*g - 89, 2*t = -g + 43. What is the remainder when g is divided by w?
9
What is the remainder when (-34)/(((-57)/(-9) + -7)/4) is divided by 23?
20
Let z(f) be the second derivative of f**4/12 - f**3/2 + 7*f**2/2 + 16*f. Calculate the remainder when 19 is divided by z(3).
5
Let l(b) = -b**3 + 4*b**2 - 3. Let z be l(3). Let g(v) = 8 + 33*v + 38*v - 69*v. What is the remainder when 99 is divided by g(z)?
19
Let s(a) = -2*a**2 + 22*a - 8. Let z(b) = 2*b - 24. What is the remainder when s(9) is divided by z(17)?
8
Suppose 69*r - 30*r - 351 = 0. Let u(i) = 4*i - 4*i - i**2 + 16*i**3. What is the remainder when u(1) is divided by r?
6
Let c = -48 - -53. Suppose 2*x + 4*b - 138 = 0, -79 = -c*x + 5*b + 251. Calculate the remainder when x is divided by 24.
19
Let y(i) = -3*i - 3. Let z be y(-2). Suppose -18 = -w + q, -2*w + 22 = 2*q + z*q. What is the remainder when 45 is divided by w?
13
Suppose 29*x + 26312 = 73*x. Calculate the remainder when x is divided by 60.
58
Let w = 1592 + -1569. Calculate the remainder when w is divided by 10.
3
Let o(t) = 8*t**2 - 3*t - 21. What is the remainder when o(-3) is divided by 33?
27
Let v(d) = -d**2 + 16*d - 56. Calculate the remainder when 11 is divided by v(6).
3
Suppose 490 = -0*b + 35*b. Calculate the remainder when 275 is divided by b.
9
Suppose o - 29 - 38 = 0. Let f(i) = i**2 + 9*i + 1. What is the remainder when o is divided by f(-11)?
21
Let w = -28 + 25. Let m be w/(-2)*20/30. Calculate the remainder when 59 is divided by m*(3 + -3) + 20.
19
Let l = 283 + -266. What is the remainder when (-3)/2 + 1485/18 is divided by l?
13
Let c = -95 + -47. Let p = c - -151. Let f = -1 - -6. Calculate the remainder when p is divided by f.
4
Let i = 224 - 126. Let z = 241 - i. Calculate the remainder when z is divided by 36.
35
Let a(x) = -x**3 - 5*x**2 + 8*x - 2. Suppose 28 = 6*l - 10*l. What is the remainder when a(l) is divided by 14?
12
Let g be (2 + -1)/(1/(-38)). Let z = g + 42. Suppose z*x + 6 = 74. Calculate the remainder when x is divided by 3.
2
Suppose 0 = -5*a + 623 + 1122. Calculate the remainder when a is divided by 50.
49
Suppose 4*g - g - 58 = -x, -94 = -4*g + 2*x. Calculate the remainder when (22/(-6) + 3)/((-36)/4266) is divided by g.
16
Suppose -33*l + 34*l - 145 = 0. Calculate the remainder when l is divided by 49.
47
Let z be (-4)/10 - (-189)/(-15). Let r = z + 11. What is the remainder when (40/(-2))/(r/1) is divided by 4?
2
Suppose -3*j - 32 + 119 = 0. Calculate the remainder when 230 is divided by j.
27
Suppose k + 103*f = 108*f + 855, 2*k + 2*f = 1686. What is the remainder when k is divided by 16?
13
Let a(q) = -3*q**3 - q**2 - 2. Let x be (-8)/6*(-6)/(-4). Calculate the remainder when 1813/35 + 9/(180/(-16)) is divided by a(x).
15
Suppose 8 + 4 = -4*s. What is the remainder when 35 is divided by s/((-6)/20) + -1?
8
Suppose a - 5*l = 43, l = -4*a - 8 + 75. Calculate the remainder when 393 is divided by a.
15
Let x(z) = 2*z**2 - 13*z - 2. Let o be x(6). Let n = 25 - o. What is the remainder when 130 is divided by n?
31
Let y(u) = -112*u**3 + u**2 + u + 1. Let p be y(-1). Suppose -65*m = -57*m - 1296. Let g = m - p. What is the remainder when g is divided by 26?
23
Let x(i) = -9*i - 10. Let k be x(-5). Let v = -17 + k. Suppose -4*t = 12, -4*o + t = 3*t - 202. What is the remainder when o is divided by v?
16
Let a = 46 - 47. What is the remainder when -1*106/(a - 1) is divided by 14?
11
Let g(r) = r**3 + 8*r**2 + 5*r + 7. Let h be g(-5). Suppose 20*i = 17*i + h. Calculate the remainder when 31 is divided by i.
12
Let x be -7*(-2)/21*654/4. Let f be (-1)/2 + 7/2. Suppose -4*s - f*n + x = -0*s, -2*s + 4*n + 82 = 0. What is the remainder when s is divided by 12?
7
Suppose 101 = -w + 737. What is the remainder when w is divided by 11?
9
Let q be 27/3 + 12/(-4). Let z = 5 + q. Calculate t